{"id":463,"date":"2014-11-24T14:52:01","date_gmt":"2014-11-24T14:52:01","guid":{"rendered":"https:\/\/demo.proteusthemes.com\/buildpress\/?page_id=463"},"modified":"2023-03-21T13:57:21","modified_gmt":"2023-03-21T13:57:21","slug":"shortcodes","status":"publish","type":"page","link":"https:\/\/www.couverture-etienne-58.com\/?page_id=463","title":{"rendered":"Professionnels"},"content":{"rendered":"<section class=\"wpb-content-wrapper\"><p>[vc_row][vc_column width=&#8221;2\/3&#8243;][vc_column_text]<\/p>\n<h3><strong>Location de grue &#8211; Ref machine : AHK 34\/1800<br \/>\n<\/strong><\/h3>\n<p>[\/vc_column_text][vc_column_text]La <strong>grue sur remorque<\/strong> AHK 34\/1800 est vraiment la machine la plus forte de sa classe. Etant \u00e9quip\u00e9e par un syst\u00e8me de m\u00e2t ultra-fort, celle-ci atteint des hauteurs jusqu\u2019\u00e0 <strong>34 m\u00e8tres<\/strong> et soul\u00e8ve des <strong>charges jusqu\u2019\u00e0 1.800 kg<\/strong>. Le poids totale admissible est seulement 3,5 t. La technologie de m\u00e2t forme la base des caract\u00e9ristiques fortes. Gr\u00e2ce \u00e0 la combinaison des composants en aluminium avec un nouveau sorte d\u2019acier extr\u00eamement fort, la grue AHK 34\/1800 d\u00e9passe toutes les autres grues comparables.[\/vc_column_text][\/vc_column][vc_column width=&#8221;1\/3&#8243;][vc_single_image image=&#8221;2373&#8243; img_size=&#8221;full&#8221; alignment=&#8221;center&#8221; onclick=&#8221;link_image&#8221;][\/vc_column][\/vc_row][vc_row][vc_column][vc_column_text]La nouvelle grue AHK 34\/1800 est particuli\u00e8rement caract\u00e9ris\u00e9e m\u00eame par sa flexibilit\u00e9 \u00e9norme. Le syst\u00e8me des <strong>stabilisateurs MULTIFLEX<\/strong> ultra-modern avec 256 positions des stabilisateurs diff\u00e9rentes garantit toujours une utilisation optimale de l\u2019espace disponible sur place. Les stabilisateurs pivotantes et rabattables permettent un positionnement optimale en direction de la charge. Ceux-ci peuvent \u00eatre tourn\u00e9s m\u00eame au long des barri\u00e8res ou bien par-dessus. En m\u00eame temps des in\u00e9galit\u00e9s du sol peuvent \u00eatre <strong>\u00e9quilibr\u00e9es jusqu\u2019\u00e0 50 cm<\/strong> sans avoir besoin d\u2019un b\u00e2ti additionnel. Rien syst\u00e8me des stabilisateurs au secteur des grues sur remorque offre des avantages comparables.[\/vc_column_text][\/vc_column][\/vc_row][vc_row full_width=&#8221;stretch_row_content&#8221;][vc_column width=&#8221;1\/6&#8243;][vc_hoverbox image=&#8221;2363&#8243; primary_title=&#8221;&#8221; primary_title_font_container=&#8221;color:%23ffffff&#8221; primary_title_use_theme_fonts=&#8221;yes&#8221; hover_title=&#8221;&#8221; shape=&#8221;square&#8221; use_custom_fonts_primary_title=&#8221;true&#8221;]<strong>Syst\u00e8me de m\u00e2t \u2013 plus de puissance et plus de flexibilit\u00e9<\/strong><br \/>\n[\/vc_hoverbox][vc_empty_space][\/vc_column][vc_column width=&#8221;1\/6&#8243;][vc_hoverbox image=&#8221;2364&#8243; primary_title=&#8221;&#8221; primary_title_font_container=&#8221;color:%23ffffff&#8221; primary_title_use_theme_fonts=&#8221;yes&#8221; hover_title=&#8221;&#8221; shape=&#8221;square&#8221; use_custom_fonts_primary_title=&#8221;true&#8221;]<\/p>\n<p style=\"text-align: center;\"><strong>Fl\u00e8che \u00e0 deux rallonges et surveill\u00e9e par capteurs pour travailler jusqu\u2019\u00e0 l\u2019arri\u00e8re du toit<\/strong><\/p>\n<p>[\/vc_hoverbox][vc_empty_space][\/vc_column][vc_column width=&#8221;1\/6&#8243;][vc_hoverbox image=&#8221;2365&#8243; primary_title=&#8221;&#8221; primary_title_font_container=&#8221;color:%23ffffff&#8221; primary_title_use_theme_fonts=&#8221;yes&#8221; hover_title=&#8221;&#8221; shape=&#8221;square&#8221; use_custom_fonts_primary_title=&#8221;true&#8221;]<\/p>\n<p style=\"text-align: center;\"><strong>Radiocommande avec double \u00e9cran montre toutes les donn\u00e9s d\u2019exploitation<\/strong><\/p>\n<p>[\/vc_hoverbox][vc_empty_space][\/vc_column][vc_column width=&#8221;1\/6&#8243;][vc_hoverbox image=&#8221;2366&#8243; primary_title=&#8221;&#8221; primary_title_font_container=&#8221;color:%23ffffff&#8221; primary_title_use_theme_fonts=&#8221;yes&#8221; hover_title=&#8221;&#8221; shape=&#8221;square&#8221; use_custom_fonts_primary_title=&#8221;true&#8221;]<\/p>\n<p style=\"text-align: center;\"><strong>Barre de traction pivotant r\u00e9duit l\u2019encombrement sur place<\/strong><\/p>\n<p>[\/vc_hoverbox][vc_empty_space][\/vc_column][vc_column width=&#8221;1\/6&#8243;][vc_hoverbox image=&#8221;2367&#8243; primary_title=&#8221;&#8221; primary_title_font_container=&#8221;color:%23ffffff&#8221; primary_title_use_theme_fonts=&#8221;yes&#8221; hover_title=&#8221;&#8221; shape=&#8221;square&#8221; use_custom_fonts_primary_title=&#8221;true&#8221;]<\/p>\n<p style=\"text-align: center;\"><strong>Montage conviviale de la nacelle gr\u00e2ce au syst\u00e8me Easy-Lock<\/strong><\/p>\n<p>[\/vc_hoverbox][vc_empty_space][\/vc_column][vc_column width=&#8221;1\/6&#8243;][vc_hoverbox image=&#8221;2368&#8243; primary_title=&#8221;&#8221; primary_title_font_container=&#8221;color:%23ffffff&#8221; primary_title_use_theme_fonts=&#8221;yes&#8221; hover_title=&#8221;&#8221; shape=&#8221;square&#8221; use_custom_fonts_primary_title=&#8221;true&#8221;]<\/p>\n<p style=\"text-align: center;\"><strong>Entra\u00eenement de man\u0153uvre puissant \u2013 manipulation par la radiocommande<\/strong><\/p>\n<p>[\/vc_hoverbox][vc_empty_space][\/vc_column][\/vc_row][vc_row][vc_column width=&#8221;2\/3&#8243;][vc_empty_space][vc_column_text]<strong>Le syst\u00e8me des stabilisateurs MULTIFLEX<\/strong> est combin\u00e9 avec une nouvelle g\u00e9n\u00e9ration de commande Bocker. La <strong>commande EHSC<\/strong> \u00e0 haut d\u00e9bit en technologie 32-Bit garantit un traitement exact de toutes les fonctions de la grue. En utilisant la technologie CAN-Bus la plus moderne ainsi que deux commandes ind\u00e9pendantes \u00e9tabli des crit\u00e8res tout \u00e0 fait nouveaux au niveau de s\u00e9curit\u00e9. Le concept de s\u00e9curit\u00e9 est certifi\u00e9 par le service de contr\u00f4le technique <strong>DEKRA<\/strong> d\u2019Allemagne.<\/p>\n<p><strong>La grue AHK 34\/1800<\/strong> est aussi disponible avec <strong>nacelle<\/strong> sur demande. Celle-ci est pivotante et offre de l\u2019espace suffisant pour deux personnes ayant une capacit\u00e9 de charge de 250 kg. Un entra\u00eenement additionnel pour la nacelle n\u2019est pas n\u00e9cessaire gr\u00e2ce au guidage d\u2019\u00e9nergie du dedans jusqu\u2019au bout du m\u00e2t. <strong>Le syst\u00e8me Easy-Lock<\/strong> facilite de monter la nacelle pendant quelque minutes d\u2019un mani\u00e8re conviviale et sans avoir besoin des outils suppl\u00e9mentaires.[\/vc_column_text][\/vc_column][vc_column width=&#8221;1\/3&#8243; css=&#8221;.vc_custom_1677259735851{background-color: #dddddd !important;}&#8221;][vc_empty_space][vc_column_text]<\/p>\n<p style=\"text-align: center;\"><strong>Grutage : Tarif de 660 \u20ac HT \/ JOUR<\/strong><\/p>\n<p style=\"text-align: center;\">Mode nacelle : <strong>Tarif de 715 \u20ac HT \/ JOUR<\/strong><\/p>\n<p style=\"text-align: center;\">La location se fait syst\u00e9matiquement avec chauffeur<\/p>\n<p style=\"text-align: center;\"><em>N&#8217;h\u00e9sitez pas a nous consulter.<\/em><\/p>\n<p style=\"text-align: center;\">Disponible en location dans un rayon de <strong>100 km autour de Chateau-Chinon (58). <\/strong>Cette grue nacelle est obligatoirement pilot\u00e9 par un technicien certifi\u00e9.<\/p>\n<p>[\/vc_column_text][\/vc_column][\/vc_row][vc_row full_width=&#8221;stretch_row_content&#8221;][vc_column][vc_empty_space][vc_media_grid element_width=&#8221;2&#8243; grid_id=&#8221;vc_gid:1679406975373-dc891ced-675b-5&#8243; include=&#8221;2294,2296,2297,2298,2299,2301&#8243;][\/vc_column][\/vc_row][vc_row][vc_column width=&#8221;1\/4&#8243;][vc_empty_space height=&#8221;162px&#8221;][vc_column_text]<\/p>\n<h3><strong>Location de grue<br \/>\nAHK 44\/4000<br \/>\n<\/strong><\/h3>\n<p>[\/vc_column_text][vc_column_text]<\/p>\n<h2><a href=\"https:\/\/www.couverture-etienne-58.com\/wp-content\/uploads\/2023\/02\/3875-grue-bocker-AK44-4000.pdf\" target=\"_blank\" rel=\"noopener\">VOIR LES D\u00c9TAILS EN PDF<\/a><\/h2>\n<p>[\/vc_column_text][\/vc_column][vc_column width=&#8221;3\/4&#8243;][vc_single_image image=&#8221;2720&#8243; img_size=&#8221;full&#8221; alignment=&#8221;center&#8221; onclick=&#8221;link_image&#8221;][\/vc_column][\/vc_row][vc_row][vc_column width=&#8221;1\/2&#8243;][\/vc_column][vc_column width=&#8221;1\/2&#8243;][\/vc_column][\/vc_row]<\/p>\n<\/section>","protected":false},"excerpt":{"rendered":"<p>[vc_row][vc_column width=&#8221;2\/3&#8243;][vc_column_text] Location de grue &#8211; Ref machine : AHK 34\/1800 [\/vc_column_text][vc_column_text]La grue sur remorque AHK 34\/1800 est vraiment la machine la plus forte de sa classe. Etant \u00e9quip\u00e9e par un syst\u00e8me de m\u00e2t ultra-fort, celle-ci atteint des hauteurs jusqu\u2019\u00e0 34 m\u00e8tres et soul\u00e8ve des charges jusqu\u2019\u00e0 1.800 kg. Le poids totale admissible est seulement<\/p>\n","protected":false},"author":5,"featured_media":2521,"parent":0,"menu_order":0,"comment_status":"closed","ping_status":"closed","template":"","meta":{"_acf_changed":false,"footnotes":""},"class_list":["post-463","page","type-page","status-publish","has-post-thumbnail","hentry"],"acf":[],"_links":{"self":[{"href":"https:\/\/www.couverture-etienne-58.com\/index.php?rest_route=\/wp\/v2\/pages\/463","targetHints":{"allow":["GET"]}}],"collection":[{"href":"https:\/\/www.couverture-etienne-58.com\/index.php?rest_route=\/wp\/v2\/pages"}],"about":[{"href":"https:\/\/www.couverture-etienne-58.com\/index.php?rest_route=\/wp\/v2\/types\/page"}],"author":[{"embeddable":true,"href":"https:\/\/www.couverture-etienne-58.com\/index.php?rest_route=\/wp\/v2\/users\/5"}],"replies":[{"embeddable":true,"href":"https:\/\/www.couverture-etienne-58.com\/index.php?rest_route=%2Fwp%2Fv2%2Fcomments&post=463"}],"version-history":[{"count":30,"href":"https:\/\/www.couverture-etienne-58.com\/index.php?rest_route=\/wp\/v2\/pages\/463\/revisions"}],"predecessor-version":[{"id":2727,"href":"https:\/\/www.couverture-etienne-58.com\/index.php?rest_route=\/wp\/v2\/pages\/463\/revisions\/2727"}],"wp:featuredmedia":[{"embeddable":true,"href":"https:\/\/www.couverture-etienne-58.com\/index.php?rest_route=\/wp\/v2\/media\/2521"}],"wp:attachment":[{"href":"https:\/\/www.couverture-etienne-58.com\/index.php?rest_route=%2Fwp%2Fv2%2Fmedia&parent=463"}],"curies":[{"name":"wp","href":"https:\/\/api.w.org\/{rel}","templated":true}]}}